culate the remainder when 3514 is divided by 176.
170
Calculate the remainder when 2042 is divided by 1832.
210
What is the remainder when 4068 is divided by 46?
20
What is the remainder when 20628 is divided by 123?
87
What is the remainder when 39575 is divided by 1236?
23
What is the remainder when 9347396 is divided by 326?
324
Calculate the remainder when 160317 is divided by 583.
575
Calculate the remainder when 5401 is divided by 104.
97
What is the remainder when 36020 is divided by 1195?
170
What is the remainder when 160223 is divided by 147?
140
Calculate the remainder when 4927 is divided by 881.
522
What is the remainder when 89903 is divided by 19?
14
Calculate the remainder when 8899 is divided by 89.
88
What is the remainder when 48218 is divided by 6884?
30
What is the remainder when 89966 is divided by 67?
52
Calculate the remainder when 27272 is divided by 1136.
8
Calculate the remainder when 1418 is divided by 69.
38
Calculate the remainder when 18687 is divided by 2662.
53
Calculate the remainder when 87381 is divided by 39.
21
What is the remainder when 19671 is divided by 65?
41
What is the remainder when 1313998 is divided by 292?
290
Calculate the remainder when 5224 is divided by 82.
58
What is the remainder when 2465 is divided by 616?
1
Calculate the remainder when 84763 is divided by 8.
3
Calculate the remainder when 441 is divided by 37.
34
What is the remainder when 62159 is divided by 11?
9
What is the remainder when 24852 is divided by 453?
390
Calculate the remainder when 1183837 is divided by 980.
977
Calculate the remainder when 206651 is divided by 129.
122
Calculate the remainder when 502 is divided by 169.
164
Calculate the remainder when 126136 is divided by 6006.
10
What is the remainder when 1991 is divided by 422?
303
What is the remainder when 1590 is divided by 785?
20
What is the remainder when 11005 is divided by 1652?
1093
What is the remainder when 23935 is divided by 7957?
64
What is the remainder when 1797 is divided by 201?
189
Calculate the remainder when 28157 is divided by 440.
437
What is the remainder when 2620 is divided by 60?
40
What is the remainder when 37761 is divided by 1387?
312
What is the remainder when 5802 is divided by 16?
10
What is the remainder when 161655 is divided by 6?
3
Calculate the remainder when 313607 is divided by 399.
392
Calculate the remainder when 1985 is divided by 380.
85
Calculate the remainder when 66810 is divided by 675.
660
What is the remainder when 20886 is divided by 188?
18
What is the remainder when 598697 is divided by 1370?
7
What is the remainder when 69548 is divided by 23180?
8
What is the remainder when 3969 is divided by 32?
1
What is the remainder when 5479 is divided by 21?
19
Calculate the remainder when 528608 is divided by 23.
22
Calculate the remainder when 8161 is divided by 3096.
1969
Calculate the remainder when 5936 is divided by 272.
224
Calculate the remainder when 23990 is divided by 308.
274
Calculate the remainder when 3417 is divided by 58.
53
What is the remainder when 225810 is divided by 7?
4
What is the remainder when 10798 is divided by 349?
328
Calculate the remainder when 229746 is divided by 29.
8
What is the remainder when 4233 is divided by 808?
193
What is the remainder when 73951 is divided by 24647?
10
What is the remainder when 2064 is divided by 565?
369
What is the remainder when 2966 is divided by 587?
31
What is the remainder when 365 is divided by 123?
119
What is the remainder when 2471147 is divided by 1044?
1043
What is the remainder when 4598 is divided by 2281?
36
Calculate the remainder when 1877138 is divided by 340.
338
What is the remainder when 11091 is divided by 43?
40
Calculate the remainder when 708 is divided by 271.
166
Calculate the remainder when 593 is divided by 95.
23
Calculate the remainder when 293471 is divided by 288.
287
What is the remainder when 99924 is divided by 13?
6
What is the remainder when 126992 is divided by 57?
53
Calculate the remainder when 23542 is divided by 5850.
142
What is the remainder when 158410 is divided by 180?
10
Calculate the remainder when 42402 is divided by 11.
8
Calculate the remainder when 966908 is divided by 24.
20
Calculate the remainder when 19488 is divided by 203.
0
What is the remainder when 20069 is divided by 4913?
417
Calculate the remainder when 31082 is divided by 10245.
347
What is the remainder when 1619869 is divided by 125?
119
Calculate the remainder when 2207 is divided by 16.
15
What is the remainder when 675 is divided by 172?
159
What is the remainder when 4490 is divided by 2198?
94
What is the remainder when 1056 is divided by 51?
36
What is the remainder when 1669108 is divided by 204?
184
Calculate the remainder when 64802 is divided by 1590.
1202
Calculate the remainder when 1238 is divided by 403.
29
What is the remainder when 172459 is divided by 61?
12
Calculate the remainder when 41495 is divided by 2959.
69
Calculate the remainder when 171 is divided by 64.
43
What is the remainder when 12951 is divided by 34?
31
What is the remainder when 5641 is divided by 78?
25
What is the remainder when 5055 is divided by 321?
240
What is the remainder when 5264 is divided by 1038?
74
Calculate the remainder when 95413 is divided by 658.
3
What is the remainder when 75580 is divided by 87?
64
Calculate the remainder when 318168 is divided by 17676.
0
What is the remainder when 1578991 is divided by 656?
655
Calculate the remainder when 3597 is divided by 717.
12
What is the remainder when 38711 is divided by 22?
13
Calculate the remainder when 23295 is divided by 7755.
30
Calculate the remainder when 1550 is divided by 1530.
20
Calculate the remainder when 60956 is divided by 6083.
126
What is the remainder when 144825 is divided by 226?
185
What is the remainder when 626229 is divided by 52?
45
Calculate the remainder when 10060 is divided by 5025.
10
Calculate the remainder when 930029 is divided by 435.
434
Calculate the remainder when 2346 is divided by 938.
470
What is the remainder when 2458 is divided by 147?
106
Calculate the remainder when 1279 is divided by 48.
31
What is the remainder when 157983 is divided by 1206?
1203
Calculate the remainder when 5725 is divided by 38.
25
What is the remainder when 1673 is divided by 641?
391
What is the remainder when 2830 is divided by 188?
10
Calculate the remainder when 74985 is divided by 218.
211
Calculate the remainder when 6032 is divided by 1190.
82
Calculate the remainder when 148007 is divided by 334.
45
What is the remainder when 642492 is divided by 1947?
1929
What is the remainder when 171048 is divided by 192?
168
Calculate the remainder when 325239 is divided by 108407.
18
What is the remainder when 941 is divided by 3?
2
Calculate the remainder when 9893 is divided by 423.
164
Calculate the remainder when 3776 is divided by 7.
3
What is the remainder when 5478 is divided by 32?
6
Calculate the remainder when 1615789 is divided by 55.
54
What is the remainder when 5467 is divided by 1346?
83
What is the remainder when 10820 is divided by 2704?
4
Calculate the remainder when 7468 is divided by 10.
8
Calculate the remainder when 23905 is divided by 11946.
13
Calculate the remainder when 131197 is divided by 144.
13
Calculate the remainder when 3977 is divided by 11.
6
Calculate the remainder when 551698 is divided by 275843.
12
Calculate the remainder when 23781 is divided by 768.
741
What is the remainder when 16758 is divided by 8372?
14
Calculate the remainder when 5865 is divided by 1.
0
What is the remainder when 12851 is divided by 109?
98
Calculate the remainder when 35151 is divided by 68.
63
Calculate the remainder when 727153 is divided by 530.
523
What is the remainder when 4655 is divided by 760?
95
Calculate the remainder when 33662 is divided by 56.
6
Calculate the remainder when 101097 is divided by 60.
57
Calculate the remainder when 5388 is divided by 128.
12
Calculate the remainder when 986 is divided by 26.
24
What is the remainder when 2263122 is divided by 25?
22
Calculate the remainder when 10130 is divided by 3290.
260
Calculate the remainder when 4309 is divided by 2136.
37
What is the remainder when 4068339 is divided by 157?
155
Calcula